{"id":3,"date":"2022-10-31T11:05:20","date_gmt":"2022-10-31T10:05:20","guid":{"rendered":"http:\/\/webrocks.hekko24.pl\/sap\/?page_id=3"},"modified":"2022-11-09T14:02:40","modified_gmt":"2022-11-09T13:02:40","slug":"polityka-prywatnosci","status":"publish","type":"page","link":"https:\/\/webrocks.hekko24.pl\/sap\/polityka-prywatnosci\/","title":{"rendered":"Polityka prywatno\u015bci"},"content":{"rendered":"\n<p><strong>POLITYKA OCHRONY DANYCH OSOBOWYCH<\/strong><\/p>\n\n\n\n<ol class=\"wp-block-list\">\n<li>Administrator danych osobowych<\/li>\n\n\n\n<li>Kontakt w sprawach zwi\u0105zanych z Przetwarzaniem danych osobowych<\/li>\n\n\n\n<li>Pochodzenie danych<\/li>\n\n\n\n<li>Rodzaj przetwarzanych danych osobowych<\/li>\n\n\n\n<li>Cel przetwarzania danych<\/li>\n\n\n\n<li>Przekazywanie danych osobowych<\/li>\n\n\n\n<li>Czas przetwarzania danych osobowych<\/li>\n\n\n\n<li>Przetwarzanie automatyczne i profilowanie<\/li>\n\n\n\n<li>Uprawnienia u\u017cytkownika wzgl\u0119dem w\u0142asnych danych osobowych<\/li>\n\n\n\n<li>Organ nadzorczy i Skargi<\/li>\n<\/ol>\n\n\n\n<ol class=\"wp-block-list\">\n<li><strong>Administrator danych osobowych<\/strong><\/li>\n<\/ol>\n\n\n\n<p>ALTAB S.A., ul. Wr\u0119czycka 11a, 42-200 Cz\u0119stochowa.<\/p>\n\n\n\n<ol class=\"wp-block-list\" start=\"2\">\n<li><strong>Kontakt w sprawach zwi\u0105zanych z Przetwarzaniem danych osobowych<\/strong><\/li>\n<\/ol>\n\n\n\n<ul class=\"wp-block-list\">\n<li>Email:&nbsp;bok@altabsa.pl<\/li>\n\n\n\n<li>Poczta: ALTAB S.A.., ul. Wr\u0119czycka 11a, 42-200 Cz\u0119stochowa.<\/li>\n<\/ul>\n\n\n\n<ol class=\"wp-block-list\" start=\"3\">\n<li><strong>Pochodzenie danych<\/strong><\/li>\n<\/ol>\n\n\n\n<p>Dane osobowe s\u0105 zbierane wy\u0142\u0105cznie w zwi\u0105zku z prowadzon\u0105 przez firm\u0119 dzia\u0142alno\u015bci\u0105. W tym w szczeg\u00f3lno\u015bci poprzez kontakty handlowe, audyty klient\u00f3w, rekrutacj\u0119, kontakt z biurem obs\u0142ugi klienta, etc.<\/p>\n\n\n\n<ol class=\"wp-block-list\" start=\"4\">\n<li><strong>Rodzaj przetwarzanych danych osobowych<\/strong><\/li>\n<\/ol>\n\n\n\n<ul class=\"wp-block-list\">\n<li>zawarcia i realizacji \u0142\u0105cz\u0105cej nas umowy,<\/li>\n\n\n\n<li>realizacji obowi\u0105zk\u00f3w ALTAB S.A. przewidzianych prawem, dotycz\u0105cych faktur i innych dokument\u00f3w ksi\u0119gowych,<\/li>\n\n\n\n<li>ochrony praw ALTAB S.A. zgodnie z przepisami prawa.<\/li>\n<\/ul>\n\n\n\n<ol class=\"wp-block-list\" start=\"5\">\n<li><strong>Cel przetwarzania danych<\/strong>\n<ol class=\"wp-block-list\">\n<li>Dane osobowe klient\u00f3w przetwarzane s\u0105 przez Administratora w celu wykonania zawartej umowy, w szczeg\u00f3lno\u015bci:\n<ul class=\"wp-block-list\">\n<li>Kontaktu z klientem.<\/li>\n\n\n\n<li>Obs\u0142ugi zam\u00f3wienia.<\/li>\n\n\n\n<li>Przyjmowania sugestii.<\/li>\n\n\n\n<li>Rozpatrywania reklamacji.<\/li>\n\n\n\n<li>Prowadzenie dzia\u0142a\u0144 marketingowych.<\/li>\n\n\n\n<li>Kontakt w celach zwi\u0105zanych z dozwolonymi dzia\u0142aniami marketingowymi, poprzez dost\u0119pne kana\u0142y komunikacji, w szczeg\u00f3lno\u015bci i za zgod\u0105 u\u017cytkownika &#8211; przez e-mail lub\/i telefon. Dane osobowe b\u0119d\u0105 te\u017c przetwarzane dla cel\u00f3w wynikaj\u0105cych z odr\u0119bnych przepis\u00f3w prawa w tym m.in. cel\u00f3w podatkowych i rachunkowych.<\/li>\n<\/ul>\n<\/li>\n\n\n\n<li>Ze wzgl\u0119du na prawnie uzasadniony interes ALTAB S.A.<\/li>\n\n\n\n<li>dane osobowe s\u0105 przetwarzane r\u00f3wnie\u017c w celu:\n<ul class=\"wp-block-list\">\n<li>Zapewnienia realizacji sprzeda\u017cy naszych produkt\u00f3w<\/li>\n\n\n\n<li>Obs\u0142ugi kontaktu z dzia\u0142em obs\u0142ugi r\u00f3wnie\u017c w wypadku gdy nie s\u0105 one zwi\u0105zane z realizacj\u0105 umowy.<\/li>\n\n\n\n<li>Archiwizacji danych.<\/li>\n<\/ul>\n<\/li>\n<\/ol>\n<\/li>\n<\/ol>\n\n\n\n<ol class=\"wp-block-list\" start=\"6\">\n<li><strong>Przekazywanie danych osobowych<\/strong><\/li>\n<\/ol>\n\n\n\n<ol class=\"wp-block-list\">\n<li>Dane osobowe b\u0119d\u0105 przetwarzane wy\u0142\u0105cznie przez ALTAB S.A. oraz wybranych partner\u00f3w do realizacji wskazanych wy\u017cej cel\u00f3w.<\/li>\n\n\n\n<li>Przetwarzanie danych osobowych przez partner\u00f3w technologicznych ALTAB S.A. odbywa si\u0119 na podstawie umowy zapewniaj\u0105cej zgodno\u015b\u0107 warunk\u00f3w przetwarzania z rozporz\u0105dzeniem o ochronie danych osobowych.<\/li>\n\n\n\n<li>Dane osobowe mog\u0105 zosta\u0107 przekazane organom publicznym uprawnionym do ich pozyskania r\u00f3wnie\u017c na podstawie odr\u0119bnych przepis\u00f3w (np. Policji, Prokuraturze, Urz\u0119dom Celnym i Skarbowym etc.).<\/li>\n\n\n\n<li>Dane osobowe nie b\u0119d\u0105 przekazywane poza Europejski Obszar Gospodarczy.<\/li>\n\n\n\n<li><strong>Czas przetwarzania danych osobowych<\/strong><\/li>\n<\/ol>\n\n\n\n<ol class=\"wp-block-list\">\n<li>Dane osobowe b\u0119d\u0105 przetwarzane do momentu odwo\u0142ania zgody na przetwarzanie danych osobowych, a po takim odwo\u0142aniu, przez okres przedawnienia roszcze\u0144 przys\u0142uguj\u0105cych administratorowi danych i w stosunku do niego.<\/li>\n\n\n\n<li>Administrator ma prawo przetwarza\u0107 dane osobowe w celach bezpiecze\u0144stwa, zapobiegania oszustwom, wy\u0142udzeniom, a tak\u017ce do cel\u00f3w statystycznych i analitycznych przez okres do 10 lat od zako\u0144czenia obowi\u0105zywania umowy.<\/li>\n\n\n\n<li>O ile wynika to z odr\u0119bnych przepis\u00f3w prawa (np. Ustawy o rachunkowo\u015bci, Ordynacji podatkowej) dane osobowe b\u0119d\u0105 przechowywane przez okres wymagany wzmiankowanymi przepisami w celu umo\u017cliwienia wymaga\u0144 prawnych tych\u017ce przepis\u00f3w.<\/li>\n\n\n\n<li><strong>Przetwarzanie automatyczne i profilowanie<\/strong><\/li>\n<\/ol>\n\n\n\n<p>Dane osobowe nie s\u0105 przetwarzane w spos\u00f3b zautomatyzowany w tym poprzez profilowanie w celu dopasowania zawarto\u015bci strony do osobistych preferencji i zainteresowa\u0144.<\/p>\n\n\n\n<ol class=\"wp-block-list\" start=\"9\">\n<li><strong>Uprawnienia klienta wzgl\u0119dem w\u0142asnych danych osobowych<\/strong><\/li>\n<\/ol>\n\n\n\n<p>Ka\u017cdy klient ma prawo do: &nbsp;<\/p>\n\n\n\n<ol class=\"wp-block-list\">\n<li>Dost\u0119pu do danych osobowych kt\u00f3re jej dotycz\u0105, w tym uzyskania kopii danych osobowych podlegaj\u0105cych przetwarzaniu. Prawo do uzyskania kopii nie mo\u017ce niekorzystnie wp\u0142ywa\u0107 na prawa i wolno\u015bci innych.<\/li>\n\n\n\n<li>Poprawiania i uzupe\u0142niania danych w przypadku stwierdzenia ich nieprawid\u0142owo\u015bci lub nieaktualno\u015bci.<\/li>\n\n\n\n<li>Usuni\u0119cia danych.<\/li>\n\n\n\n<li>Ograniczenia ich przetwarzania w nast\u0119puj\u0105cych przypadkach:\n<ul class=\"wp-block-list\">\n<li>osoba, kt\u00f3rej dane dotycz\u0105, kwestionuje prawid\u0142owo\u015b\u0107 danych osobowych \u2013 na okres pozwalaj\u0105cy administratorowi sprawdzi\u0107 prawid\u0142owo\u015b\u0107 tych danych.<\/li>\n\n\n\n<li>przetwarzanie jest niezgodne z prawem, a osoba, kt\u00f3rej dane dotycz\u0105, sprzeciwia si\u0119 usuni\u0119ciu danych osobowych, \u017c\u0105daj\u0105c w zamian ograniczenia ich wykorzystywania.<\/li>\n\n\n\n<li>administrator nie potrzebuje ju\u017c danych osobowych do cel\u00f3w przetwarzania, ale s\u0105 one potrzebne osobie, kt\u00f3rej dane dotycz\u0105, do ustalenia, dochodzenia lub obrony roszcze\u0144.<\/li>\n<\/ul>\n<\/li>\n\n\n\n<li>Przenoszenia danych &#8211; osoba, kt\u00f3rej dane dotycz\u0105, ma prawo otrzyma\u0107 w ustrukturyzowanym, powszechnie u\u017cywanym formacie nadaj\u0105cym si\u0119 do odczytu maszynowego dane osobowe jej dotycz\u0105ce, kt\u00f3re dostarczy\u0142a administratorowi, oraz ma prawo przes\u0142a\u0107 te dane osobowe innemu administratorowi bez przeszk\u00f3d ze strony administratora, kt\u00f3remu dostarczono te dane osobowe.<\/li>\n\n\n\n<li>Niepodlegania zautomatyzowanemu podejmowaniu decyzji (w tym profilowaniu).<\/li>\n\n\n\n<li>Sprzeciwu wobec przetwarzania danych osobowych \u2013 w przypadku, gdy przetwarzanie dotyczy cel\u00f3w statystycznych lub jest realizowane na podstawie uzasadnionego interesu prawnego Administratora, a sprzeciw jest uzasadniony przez szczeg\u00f3lna sytuacj\u0119 osoby.<\/li>\n\n\n\n<li>Wszelkie \u017c\u0105dania dotycz\u0105ce realizacji w\/w praw nale\u017cy kierowa\u0107 do Administratora:<\/li>\n<\/ol>\n\n\n\n<ul class=\"wp-block-list\">\n<li>drog\u0105 elektroniczn\u0105 na adres: bok@altabsa.pl<\/li>\n\n\n\n<li>na adres: ALTAB S.A. ul. Wr\u0119czycka 11a, 42-200 Cz\u0119stochowa<\/li>\n\n\n\n<li>osobi\u015bcie w siedzibie Administratora.<\/li>\n<\/ul>\n\n\n\n<p>Administrator udziela informacji o podj\u0119tych dzia\u0142aniach bez zb\u0119dnej zw\u0142oki, w terminie do miesi\u0105ca od otrzymania \u017c\u0105dania. Ze wzgl\u0119du na istotne okoliczno\u015bci (m.in. ilo\u015b\u0107 \u017c\u0105da\u0144 lub stopie\u0144 skomplikowania wniosku) termin mo\u017ce zosta\u0107 przed\u0142u\u017cony o kolejne 2 miesi\u0105ce. Przy czym w terminie miesi\u0105ca Administrator poinformuje osob\u0119, kt\u00f3rej dane dotycz\u0105 o przyczynach op\u00f3\u017anienia i przed\u0142u\u017ceniu terminu.<\/p>\n\n\n\n<p>Na odmow\u0119 podj\u0119cia dzia\u0142a\u0144 oraz op\u0142at\u0119 przys\u0142uguje skarga do organu nadzorczego.<\/p>\n\n\n\n<ol class=\"wp-block-list\" start=\"10\">\n<li><strong>Organ nadzorczy i Skargi<\/strong><\/li>\n<\/ol>\n\n\n\n<p>W zwi\u0105zku przetwarzaniem danych osobowych ka\u017cdej osobie przys\u0142uguje prawo do wniesienia skargi na dzia\u0142anie lub zaniechanie Administratora do organu nadzorczego, kt\u00f3rym jest:<\/p>\n\n\n\n<p><strong>Prezes Urz\u0119du Ochrony Danych Osobowych<\/strong><br>Stawki 2, 00-193 Warszawa<br>tel. 22 531 03 00<br>fax. 22 531 03 01<br>Godziny pracy urz\u0119du: 8.00 \u2013 16.00<br>Infolinia: 606 950 000<br>www.uodo.gov.pl<\/p>\n\n\n\n<p><strong>PLIKI COOKIES<\/strong><\/p>\n\n\n\n<ol class=\"wp-block-list\">\n<li>&nbsp;Strona nie zbiera w spos\u00f3b automatyczny \u017cadnych informacji, z wyj\u0105tkiem informacji zawartych w plikach cookies.<br>2.&nbsp;&nbsp; &nbsp;Pliki cookies (tzw. \u201eciasteczka\u201d) stanowi\u0105 dane informatyczne, w szczeg\u00f3lno\u015bci pliki tekstowe, kt\u00f3re przechowywane s\u0105 w urz\u0105dzeniu ko\u0144cowym U\u017cytkownika Serwisu i przeznaczone s\u0105 do korzystania ze stron internetowych Strony. Cookies zazwyczaj zawieraj\u0105 nazw\u0119 strony internetowej, z kt\u00f3rej pochodz\u0105, czas przechowywania ich na urz\u0105dzeniu ko\u0144cowym oraz unikalny numer.<br>3.&nbsp;&nbsp; &nbsp;Podmiotem zamieszczaj\u0105cym na urz\u0105dzeniu ko\u0144cowym U\u017cytkownika Serwisu pliki cookies oraz uzyskuj\u0105cym do nich dost\u0119p jest operator Strony ALTAB S.A. z siedzib\u0105 pod adresem ul. Wr\u0119czycka 11a, 42-200 Cz\u0119stochowa.<br>4.&nbsp;&nbsp; &nbsp;Pliki cookies wykorzystywane s\u0105 w celu:<br>a)&nbsp;&nbsp;&nbsp;&nbsp;&nbsp; dostosowania zawarto\u015bci stron internetowych Strony do preferencji U\u017cytkownika oraz optymalizacji korzystania ze stron internetowych; w szczeg\u00f3lno\u015bci pliki te pozwalaj\u0105 rozpozna\u0107 urz\u0105dzenie U\u017cytkownika Servius i odpowiednio wy\u015bwietli\u0107 stron\u0119 internetow\u0105, dostosowan\u0105 do jego indywidualnych potrzeb;<br>b)&nbsp;&nbsp;&nbsp;&nbsp;&nbsp; tworzenia statystyk, kt\u00f3re pomagaj\u0105 zrozumie\u0107, w jaki spos\u00f3b U\u017cytkownicy Strony korzystaj\u0105 ze stron internetowych, co umo\u017cliwia ulepszanie ich struktury i zawarto\u015bci;<br>c)&nbsp;&nbsp;&nbsp;&nbsp;&nbsp;&nbsp; utrzymanie sesji U\u017cytkownika Strony (po zalogowaniu), dzi\u0119ki kt\u00f3rej U\u017cytkownik nie musi na ka\u017cdej podstronie Serwisu ponownie wpisywa\u0107 loginu i has\u0142a;<br>5.&nbsp;&nbsp; &nbsp;W ramach Strony stosowane s\u0105 dwa zasadnicze rodzaje plik\u00f3w cookies: \u201esesyjne\u201d (session cookies) oraz \u201esta\u0142e\u201d (persistent cookies). Cookies \u201esesyjne\u201d s\u0105 plikami tymczasowymi, kt\u00f3re przechowywane s\u0105 w urz\u0105dzeniu ko\u0144cowym U\u017cytkownika do czasu wylogowania, opuszczenia strony internetowej lub wy\u0142\u0105czenia oprogramowania (przegl\u0105darki internetowej). \u201eSta\u0142e\u201d pliki cookies przechowywane s\u0105 w urz\u0105dzeniu ko\u0144cowym U\u017cytkownika przez czas okre\u015blony w parametrach plik\u00f3w cookies lub do czasu ich usuni\u0119cia przez U\u017cytkownika.<br>6.&nbsp;&nbsp; &nbsp;W ramach Strony stosowane s\u0105 nast\u0119puj\u0105ce rodzaje plik\u00f3w cookies:<br>a)&nbsp;&nbsp;&nbsp;&nbsp;&nbsp; \u201eniezb\u0119dne\u201d pliki cookies, umo\u017cliwiaj\u0105ce korzystanie z us\u0142ug dost\u0119pnych w ramach Serwisu, np. uwierzytelniaj\u0105ce pliki cookies wykorzystywane do us\u0142ug wymagaj\u0105cych uwierzytelniania w ramach Serwisu;<br>b)&nbsp;&nbsp;&nbsp;&nbsp;&nbsp; pliki cookies s\u0142u\u017c\u0105ce do zapewnienia bezpiecze\u0144stwa, np. wykorzystywane do wykrywania nadu\u017cy\u0107 w zakresie uwierzytelniania w ramach Serwisu;<br>c)&nbsp;&nbsp;&nbsp;&nbsp;&nbsp;&nbsp; \u201ewydajno\u015bciowe\u201d pliki cookies, umo\u017cliwiaj\u0105ce zbieranie informacji o sposobie korzystania ze stron internetowych Serwisu;<br>d)&nbsp;&nbsp;&nbsp;&nbsp;&nbsp; \u201efunkcjonalne\u201d pliki cookies, umo\u017cliwiaj\u0105ce \u201ezapami\u0119tanie\u201d wybranych przez U\u017cytkownika ustawie\u0144 i personalizacj\u0119 interfejsu U\u017cytkownika, np. w zakresie wybranego j\u0119zyka lub regionu, z kt\u00f3rego pochodzi U\u017cytkownik, rozmiaru czcionki, wygl\u0105du strony internetowej itp.;<br>e)&nbsp;&nbsp;&nbsp;&nbsp;&nbsp; \u201ereklamowe\u201d pliki cookies, umo\u017cliwiaj\u0105ce dostarczanie U\u017cytkownikom tre\u015bci reklamowych bardziej dostosowanych do ich zainteresowa\u0144.<br>7.&nbsp;&nbsp; &nbsp;W wielu przypadkach oprogramowanie s\u0142u\u017c\u0105ce do przegl\u0105dania stron internetowych (przegl\u0105darka internetowa) domy\u015blnie dopuszcza przechowywanie plik\u00f3w cookies w urz\u0105dzeniu ko\u0144cowym U\u017cytkownika. U\u017cytkownicy Serwisu mog\u0105 dokona\u0107 w ka\u017cdym czasie zmiany ustawie\u0144 dotycz\u0105cych plik\u00f3w cookies. Ustawienia te mog\u0105 zosta\u0107 zmienione w szczeg\u00f3lno\u015bci w taki spos\u00f3b, aby blokowa\u0107 automatyczn\u0105 obs\u0142ug\u0119 plik\u00f3w cookies w ustawieniach przegl\u0105darki internetowej b\u0105d\u017a informowa\u0107 o ich ka\u017cdorazowym zamieszczeniu w urz\u0105dzeniu U\u017cytkownika strony. Szczeg\u00f3\u0142owe informacje o mo\u017cliwo\u015bci i sposobach obs\u0142ugi plik\u00f3w cookies dost\u0119pne s\u0105 w ustawieniach oprogramowania (przegl\u0105darki internetowej).<br>8.&nbsp;&nbsp; &nbsp;Operator Strony informuje, \u017ce ograniczenia stosowania plik\u00f3w cookies mog\u0105 wp\u0142yn\u0105\u0107 na niekt\u00f3re funkcjonalno\u015bci dost\u0119pne na stronach internetowych Serwisu.<br>9.&nbsp;&nbsp; &nbsp;Pliki cookies zamieszczane w urz\u0105dzeniu ko\u0144cowym U\u017cytkownika Serwisu i wykorzystywane mog\u0105 by\u0107 r\u00f3wnie\u017c przez wsp\u00f3\u0142pracuj\u0105cych z operatorem Serwisu reklamodawc\u00f3w oraz partner\u00f3w.<br>10.&nbsp;&nbsp; &nbsp;Wi\u0119cej informacji na temat plik\u00f3w cookies dost\u0119pnych jest w sekcji \u201ePomoc\u201d w menu przegl\u0105darki internetowej.<\/li>\n<\/ol>\n","protected":false},"excerpt":{"rendered":"<p>POLITYKA OCHRONY DANYCH OSOBOWYCH ALTAB S.A., ul. Wr\u0119czycka 11a, 42-200 Cz\u0119stochowa. Dane osobowe s\u0105 zbierane wy\u0142\u0105cznie w zwi\u0105zku z prowadzon\u0105 [&hellip;]<\/p>\n","protected":false},"author":1,"featured_media":0,"parent":0,"menu_order":5,"comment_status":"closed","ping_status":"open","template":"","meta":{"footnotes":""},"class_list":["post-3","page","type-page","status-publish","hentry"],"acf":[],"aioseo_notices":[],"_links":{"self":[{"href":"https:\/\/webrocks.hekko24.pl\/sap\/wp-json\/wp\/v2\/pages\/3","targetHints":{"allow":["GET"]}}],"collection":[{"href":"https:\/\/webrocks.hekko24.pl\/sap\/wp-json\/wp\/v2\/pages"}],"about":[{"href":"https:\/\/webrocks.hekko24.pl\/sap\/wp-json\/wp\/v2\/types\/page"}],"author":[{"embeddable":true,"href":"https:\/\/webrocks.hekko24.pl\/sap\/wp-json\/wp\/v2\/users\/1"}],"replies":[{"embeddable":true,"href":"https:\/\/webrocks.hekko24.pl\/sap\/wp-json\/wp\/v2\/comments?post=3"}],"version-history":[{"count":3,"href":"https:\/\/webrocks.hekko24.pl\/sap\/wp-json\/wp\/v2\/pages\/3\/revisions"}],"predecessor-version":[{"id":132,"href":"https:\/\/webrocks.hekko24.pl\/sap\/wp-json\/wp\/v2\/pages\/3\/revisions\/132"}],"wp:attachment":[{"href":"https:\/\/webrocks.hekko24.pl\/sap\/wp-json\/wp\/v2\/media?parent=3"}],"curies":[{"name":"wp","href":"https:\/\/api.w.org\/{rel}","templated":true}]}}